*3 + 20*g**2 - 6*g - 57. What is w(9)?
51
Let w(q) = -q**2 - 16*q - 34. Determine w(-11).
21
Let c(o) = 2*o**3 - 14*o**2 + 29*o - 108. Determine c(6).
-6
Let f(m) = -m**2 - 2*m. Give f(0).
0
Let w(x) = -6*x - 35. What is w(-6)?
1
Let a(v) = -23*v - 172. Calculate a(-7).
-11
Let a(b) = 3*b + 99. Calculate a(-30).
9
Let z(t) = t**2 + 10. Calculate z(8).
74
Let h(w) = w**2 + 7*w + 6. Determine h(-4).
-6
Let i(f) = -f**2 + 2*f + 2. Calculate i(1).
3
Let f(j) = j**2 - 26*j - 49. Determine f(28).
7
Let i(p) = 5*p - 3. Give i(-4).
-23
Let m(u) = -u - 5. Give m(-3).
-2
Let k(i) = -2*i**2 - 6*i - 6. Determine k(-2).
-2
Let s(i) = 5*i + 166. Give s(-27).
31
Let a(r) = -3*r**3 - 2*r**2 + r - 3. Determine a(-2).
11
Let m(t) = -2*t**2 + 27*t - 9. What is m(13)?
4
Let c(h) = 2*h**3 - 57*h**2 - 28*h - 23. Give c(29).
6
Let g(i) = -i**3 - 19*i**2 + 20*i - 8. What is g(-20)?
-8
Let m(s) = -7*s**2 + 3*s + 1. Calculate m(3).
-53
Let v(s) = -15*s - 4. Calculate v(-1).
11
Let v(t) = -4*t**3 + 147*t**2 + 37*t - 4. Determine v(37).
-4
Let z(o) = -o**2 + 22*o + 208. Determine z(-7).
5
Let m(c) = -c**2 + 10*c + 25. Give m(12).
1
Let p(b) = 4*b + 15. Calculate p(6).
39
Let m(l) = -14*l - 17. Calculate m(-11).
137
Let j(h) = -2*h**3 + 2*h**2 + 9*h - 2. Give j(3).
-11
Let v(k) = -4*k - 13. Give v(-6).
11
Let o(r) = 11*r + 170. Calculate o(-16).
-6
Let k(x) = x**3 + 5*x**2 - 3*x. Give k(-6).
-18
Let s(n) = n**3 + n**2 - n + 8. Determine s(2).
18
Let x(p) = 35*p + 605. Give x(-17).
10
Let g(c) = c**3 + 7*c**2 - 13*c - 20. Determine g(-8).
20
Let x(n) = -5*n - 33. Calculate x(-17).
52
Let j(g) = 38*g + 313. What is j(-8)?
9
Let g(t) = -3*t**2 - 29*t + 10. Calculate g(-10).
0
Let m(c) = 15*c - 7. Give m(-1).
-22
Let t(y) = -y**2 - 10*y - 28. Determine t(-9).
-19
Let k(c) = c**3 - 3*c**2 - 6*c + 5. Calculate k(3).
-13
Let v(s) = s**3 + 15*s**2 - 16*s + 4. Give v(-16).
4
Let n(j) = -j**3 - 6*j**2 + 3*j + 1. Give n(-6).
-17
Let f(n) = 2*n**2 + 6*n + 4. Give f(-6).
40
Let x(o) = o**3 + 19*o**2 + 18*o - 5. Determine x(-18).
-5
Let a(c) = -2*c**2 - c + 3. Give a(2).
-7
Let h(u) = -u**2 + 9*u - 14. What is h(4)?
6
Let x(j) = -2*j**2 + 8*j - 11. Calculate x(3).
-5
Let w(v) = v**2 + 9*v - 21. Determine w(-10).
-11
Let s(u) = -u**3 + 14*u**2 - 13*u - 3. Give s(13).
-3
Let f(o) = -3*o**2 - 52*o - 17. Give f(-17).
0
Let k(u) = -u - 8. What is k(-11)?
3
Let y(s) = s**2 + 8*s + 8. What is y(-7)?
1
Let c(r) = -r**3 + 12*r**2 - 9*r - 12. Give c(11).
10
Let q(z) = z**3 - 22*z**2 + 50*z - 48. Calculate q(20).
152
Let h(d) = -d**2 + 11*d - 12. What is h(9)?
6
Let r(m) = -3*m + 51. Calculate r(15).
6
Let l(c) = 20*c**2 - 2*c - 1. Determine l(-2).
83
Let h(l) = -9*l - 21. Give h(-6).
33
Let s(o) = o**3 + 6*o**2 - 8*o - 9. Give s(-7).
-2
Let n(z) = -7*z - 37. Give n(-5).
-2
Let i(o) = 2*o + 28. Calculate i(-15).
-2
Let q(y) = 2*y + 22. Give q(-10).
2
Let z(v) = 11*v**3 - v**2 + 2. What is z(-1)?
-10
Let j(u) = 6*u - 3. Give j(8).
45
Let t(c) = c + 17. Determine t(-7).
10
Let s(i) = -i**3 - 21*i**2 + i + 18. What is s(-21)?
-3
Let z(p) = -p**2 + p + 13. Calculate z(-6).
-29
Let a(s) = -s**3 - 4*s**2 - 1. Calculate a(-4).
-1
Let i(g) = -2*g**2 + g + 9. Give i(4).
-19
Let r(f) = -f**3 + f**2 + f - 7. Give r(0).
-7
Let i(g) = -3*g**2 + 21*g - 1. Give i(7).
-1
Let o(q) = q**3 - 4*q**2 - 5*q. Give o(4).
-20
Let m(f) = f**3 + 11*f**2 + 10*f - 5. Give m(-10).
-5
Let h(t) = t**3 - 7*t**2 + 7*t - 2. Give h(6).
4
Let i(g) = 2*g**2 + 70*g - 3. Calculate i(-35).
-3
Let r(i) = 2*i**3 + 12*i**2 - 2*i - 9. Calculate r(-6).
3
Let g(w) = -2*w**2 - 3*w + 32. Determine g(0).
32
Let s(q) = q**3 - 33*q**2 + 32*q + 5. Give s(32).
5
Let o(n) = n**2 + 11*n + 1. Determine o(-11).
1
Let n(a) = -11*a**2 - a - 2. Determine n(-1).
-12
Let q(z) = z + 18. Determine q(-2).
16
Let t(c) = -c**2 - 25*c - 163. Determine t(-15).
-13
Let v(n) = -n**2 - 8*n - 15. Give v(-6).
-3
Let g(a) = a**2 + 9*a + 8. Calculate g(-5).
-12
Let j(d) = -2*d**2 + 21*d + 14. Determine j(11).
3
Let g(i) = -2*i**3 - i**2 - 4*i + 4. What is g(1)?
-3
Let a(r) = -r**3 + 27*r**2 + 87*r + 93. Determine a(30).
3
Let g(q) = q**2 - 5*q - 17. Determine g(7).
-3
Let t(y) = -3*y**2 + 144*y + 304. Calculate t(50).
4
Let y(p) = 38*p - 1. Calculate y(-2).
-77
Let c(g) = -41*g - 493. What is c(-12)?
-1
Let p(i) = -i**3 - 2*i**2 + i - 5. Calculate p(-4).
23
Let j(z) = -13*z + 1. What is j(1)?
-12
Let d(u) = -u**3 + 27*u**2 - 3*u + 73. Calculate d(27).
-8
Let l(r) = -3*r - 38. Give l(5).
-53
Let x(v) = -v**3 + v**2 + 4*v + 3. Give x(-2).
7
Let o(z) = z**2 + 9*z - 33. Determine o(-12).
3
Let m(x) = -x**3 + 3*x**2 + 4*x - 6. What is m(3)?
6
Let j(t) = -12*t - 75. Calculate j(-6).
-3
Let c(m) = -m**2 + 2*m + 1. Determine c(0).
1
Let i(x) = -41*x - 5. Calculate i(-1).
36
Let w(g) = g**3 + 5*g**2 - 6*g + 7. What is w(-6)?
7
Let o(j) = 15*j**2 + 20*j + 2. Determine o(-2).
22
Let k(y) = -y + 12. Determine k(15).
-3
Let j(i) = -i**2 + 19*i - 36. What is j(3)?
12
Let y(t) = -t**3 - 8*t**2 + 13*t + 49. What is y(-9)?
13
Let z(c) = 3*c**2 - 5*c + 14. What is z(5)?
64
Let s(x) = -13*x - 2. What is s(-3)?
37
Let m(z) = 21*z + 866. Determine m(-41).
5
Let q(x) = -x**3 - 3*x**2 + 7*x - 6. Calculate q(-4).
-18
Let i(n) = -n**3 - 22*n**2 - 24*n - 25. What is i(-21)?
38
Let x(b) = b**3 + 6*b**2 - 6*b + 12. Give x(-7).
5
Let x(w) = -2*w**2 + 8*w + 7. What is x(0)?
7
Let z(d) = d - 19. Calculate z(4).
-15
Let i(d) = 3*d - 53. Give i(16).
-5
Let l(u) = -31*u + 55. Calculate l(2).
-7
Let o(r) = -r**3 - 9*r**2 - 7*r - 20. What is o(-9)?
43
Let z(n) = -3*n + 85. Determine z(26).
7
Let j(d) = -5*d + 20. What is j(5)?
-5
Let h(f) = -4*f**3 + 3*f**2 - 3*f + 3. Determine h(2).
-23
Let o(v) = -v**3 + 9*v**2 - 5*v - 3. What is o(4)?
57
Let o(x) = -x**3 - 13*x**2 - 13*x + 6. Determine o(-12).
18
Let h(i) = 10*i**3 + 59*i**2 - 12*i - 29. What is h(-6)?
7
Let w(l) = -l**3 + 35*l**2 + l + 5. What is w(35)?
40
Let o(s) = s**3 - 10*s**2 - 14*s + 10. What is o(11)?
-23
Let t(s) = 6*s**3 + s**2 + 6*s + 11. Give t(-2).
-45
Let l(b) = -b**2 + 6*b + 12. What is l(8)?
-4
Let s(l) = 5*l**2 - 3*l - 1. Determine s(-1).
7
Let c(o) = o**2 + 6*o + 13. Give c(-3).
4
Let y(w) = -9*w + 75. Determine y(6).
21
Let d(w) = -12*w - 43. What is d(-3)?
-7
Let g(a) = -a**2 - 17*a - 12. What is g(-17)?
-12
Let u(v) = v**2 + 2*v + 5. What is u(4)?
29
Let k(d) = -d + 30. Determine k(14).
16
Let h(g) = -15*g - 77. What is h(-5)?
-2
Let p(z) = z**3 + 7*z**2 + 4*z - 12. Calculate p(-5).
18
Let u(p) = -p**2 + 15*p - 15. Calculate u(12).
21
Let w(q) = 22*q**2 - 2*q - 1. Give w(-1).
23
Let n(s) = 2*s**2 + 5*s + 1. What is n(-7)?
64
Let t(l) = -2*l**3 - 109*l**2 + 55*l + 11. Determine t(-55).
11
Let l(j) = j**3 - 6*j**2 - 11*j + 4. What is l(7)?
-24
Let d(t) = -t**3 - t**2 - t + 59. What is d(0)?
59
Let s(q) = -26*q + 5. Calculate s(0).
5
Let x(b) = b**2 + 8*b + 15. What is x(-7)?
8
Let n(q) = q**3 + 9*q**2 - q - 12. Determine n(-9).
-3
Let i(v) = v**2 - 15*v - 101. Calculate i(20).
-1
Let a(w) = w**2 - 9*w - 1. What is a(9)?
-1
Let x(g) = -2*g**3 - 75*g**2 - 39*g - 75. Determine x(-37).
-1
Let o(z) = -z - 32. Determine o(-13).
-19
Let d(v) = v**2 - 11*v + 23. Give d(4).
-5
Let z(w) = -w**2 + w - 24. Give z(0).
-24
Let x(d) = -d**3 + 14*d**2 - 3. What is x(14)?
-3
Let x(v) = -v + 21. Calculate x(8).
13
Let i(x) = 41*x + 36. What is i(-2)?
-46
Let t(w) = 10*w**3 - 2*w**2 - 2*w. What is t(-1)?
-10
Let c(r) = r**2 - 2*r + 1. Determine c(1).
0
Let u(t) = t**3 - 5*t**2 + 3*t + 1. Determine u(3).
-8
Let r(i) = i**3 - 7*i**2 + 6*i + 1. What is r(6)?
1
Let o(a) = -a**3 + a + 9. What is o(0)?
9
Let j(s) = s**2 + 18*s + 22. Calculate j(-15).
-23
Let b(j) = -j**3 + 3*j**2 - 2*j - 2. Determine b(5).
-62
Let j(y) = -y + 13. What is j(13)?
0
Let p(v) = 3*v + 18. What is p(-6)?
0
Let a(o) = 3*o + 11. Calculate a(10).
41
Let d(z) = z**3 + 14*z**2 + 15*z + 4. Determine d(-12).
112
Let i(o) = -o**2 - 3*o. Determine i(-4).
-4
Let n(i) = i**2 - 8*i + 9. Determine n(10).
29
Let p(r) = -7*r + 39. What is p(6)?
-3
Let o(a) = 2*a + 6. Determine o(-2).
2
Let m(h) = 13*h + 68. What is m(-9)?
-49
Let m(y) = y**3 - 15*y**2 - 17*y + 19. What is m(16)?
3
Let r(q) = 5*q + 33. Calculate r(-7).
-2
Let q(f) = f + 21. What is q(-22)?
-1
Let o(t) = t**3 - 11*t**2 + 19*t 